 1/((q - x)/(-21)).
7
Suppose -5 - 15 = -4*t. Suppose a = t*a - 48. Suppose -4*s + a = 4. What are the prime factors of s?
2
Let s = -7 + 8. Let l(p) = 4*p - 1 + s - 2*p. List the prime factors of l(5).
2, 5
Let s be 1/(-2) - 42/(-12). Suppose -x - 6 = -s*x. List the prime factors of x.
3
Let b = 3 + 14. What are the prime factors of b?
17
Let s(t) = -t + 11. Let h(x) = -x**3 + x**2 + 2*x. Let r be h(-2). Let j be s(r). Suppose -j*v + 55 = 2*v. List the prime factors of v.
11
List the prime factors of 26182/117 + 2/9.
2, 7
Let z = -4 - -12. Suppose -5*a - 2*v = -2, -z = 6*a - 2*a + 4*v. What are the prime factors of a?
2
Suppose 12 = 6*f - 3*f. What are the prime factors of f?
2
Let q(h) = -2*h - 10. Let i be q(-9). What are the prime factors of 14/i - 3/(-12)?
2
Let v = 15 + -11. Suppose -d = -5*l - 14, -v = -l - l. What are the prime factors of d?
2, 3
Let i(t) = t - 1. Let x be i(1). Suppose x = 3*w + 2*w - 10. Suppose -5*p - 21 = -3*q, -q - w*p = 1 + 3. What are the prime factors of q?
2
Suppose b - 5*l = 19, l - 18 = -3*b + 3*l. Suppose -3*x + 33 = -t, -b*t - t = 0. What are the prime factors of x?
11
Let a(t) = -39*t - 101. List the prime factors of a(-6).
7, 19
Suppose m - 2*m = -5. Let j(l) = 64*l**3 + 2*l**2 + l - 2. Let i be j(1). Suppose -5*u - i + 180 = -f, 5*u - 135 = m*f. What are the prime factors of u?
2, 11
What are the prime factors of 4/(-3) - 679/(-3)?
3, 5
Let k(o) = -15*o - 67. What are the prime factors of k(-6)?
23
Let x = -3 - -8. Suppose -20 = -5*t - 5*r, -5*r + x = 20. What are the prime factors of t?
7
Let u(r) = -r**2 - 7*r + 10. Let b be u(-7). Suppose -6*i + b = -2. What are the prime factors of i?
2
Let g(o) = -o**2 - 4*o + 2. Let h be g(-4). Let b(w) = 4*w + 2 + w**h - 4*w. List the prime factors of b(3).
11
What are the prime factors of 363 - (18/2 - 4)?
2, 179
Let w(y) = 41*y**3 + 10*y + 0*y**2 - 7 - 42*y**3 + 2*y**2 + 4*y**2. Let v be 2*((-10)/(-4) - -1). List the prime factors of w(v).
2, 7
Let q = 1 + -2. List the prime factors of (1/(-3))/(q/81).
3
Let q = 154 - 74. List the prime factors of q.
2, 5
What are the prime factors of 146/6 + 1/(-3)?
2, 3
Suppose m = 2*m - 3. Let g(p) = 2*p**3 - 2*p**2 - 3*p - 1. List the prime factors of g(m).
2, 13
List the prime factors of 205/((-4)/(3/3) - -5).
5, 41
Suppose 5*g + i - 678 = 0, -2*g + 285 = 5*i - 0*i. Suppose 2*p + 3*p = -g. Let t = 42 + p. What are the prime factors of t?
3, 5
Let a(m) = m**3 - 5*m**2 + m + 4. Let u be a(5). Let d = 18 - u. What are the prime factors of d/2*8/6?
2, 3
Let y(j) = 4*j. Let t be y(-1). Let m(l) = -l**3 - 5*l**2 - 5*l. Let u be m(t). Suppose i - 15 = -4*s, s + s - 30 = u*i. What are the prime factors of s?
5
Let n be 48/(-20) + (-4)/(-10). Let o(m) = -6*m**3 - m**2 - 1. What are the prime factors of o(n)?
43
Let k be 24 + -1 + -2 + 0. Let n = 32 - k. What are the prime factors of n?
11
Suppose -d - 59 = -5*u - 3*d, -u + 4*d = -25. What are the prime factors of u?
13
Suppose l - 4*l = -15. Suppose 4*n = -l*r + 60, 3*r - n - 36 = n. List the prime factors of r.
2, 3
Let o(d) = -d + 1. Let p = -21 - -9. List the prime factors of o(p).
13
Suppose 6*o = o. Let f = o + 7. What are the prime factors of f?
7
Let n be (4 - 0)*1/(-2). List the prime factors of (-1 + n)/((-18)/12).
2
Let i = -2 + 6. Suppose -w = i*w - 10, 4*w = 4*h - 4. Suppose -s - h*s + 8 = 0. List the prime factors of s.
2
Let d(j) = -j**2 - 19*j + 25. List the prime factors of d(-20).
5
Let f(v) = -v**2 - 5*v. Let t be f(-5). Suppose g - 1 = -t*g. What are the prime factors of g/(3/6 - 0)?
2
Let h(s) = -s**3 + 7*s**2 + 6*s + 4. Let x be h(8). Let q = 28 + x. Suppose n + 0*n - q = 0. List the prime factors of n.
2
Suppose -267 + 60 = -3*s. List the prime factors of s.
3, 23
Let d(q) = -1 - 4*q - 3 + 3 + 4*q**2 + 3*q. Let r be d(-1). Suppose 0 = 3*c + 12, j - c + 8 = r*j. What are the prime factors of j?
2
Let c(m) = m**3 + 9*m**2 - 9*m - m + 0*m**3 + 3. Let r be c(-10). Suppose 0 = 5*p - 3*n - 59, -5*p + 29 = -r*p - 3*n. What are the prime factors of p?
2, 5
Let x = 11 - -38. Let p = x - 19. What are the prime factors of p?
2, 3, 5
List the prime factors of (4 - 118)/(-2) + -2.
5, 11
Let f = -12 + 2. Let o be (24/(-28))/((-1)/7). Let r = o - f. What are the prime factors of r?
2
Let i(n) = n + 1. Let f be (1 - 1)/1 - -8. List the prime factors of i(f).
3
Suppose -5*p - 3*z = -415, 4*p + 9*z - 340 = 5*z. What are the prime factors of p?
2, 5
Let b = 8 + -4. Suppose 4*i + 30 - b = 5*r, -i = 4. What are the prime factors of r?
2
Suppose -5*i + 20 = -4*f - f, -2*i + 7 = -3*f. Suppose 3*x - 3 - 63 = -z, 5*x - i*z - 110 = 0. What are the prime factors of x?
2, 11
Suppose i = -3*i - 2*p + 114, 5*i - 3*p - 137 = 0. Suppose -i = -4*a + 88. What are the prime factors of a?
29
Suppose -4*w + 3*u = -317, -4*w + w + 239 = -u. Suppose d - 6*d = -w. Let g = -6 + d. What are the prime factors of g?
2, 5
Let o(b) = 3*b**2 - 2*b + 1. List the prime factors of o(-2).
17
Suppose 2*q - 5 = -5*u + 6, 8 = q + 5*u. Suppose -60 = -2*o - q*o. What are the prime factors of o + 0*(-1)/(-2)?
2, 3
Let y be 9/(-7) + 6/21. Let v = -2 + -5. Let r = y - v. What are the prime factors of r?
2, 3
Suppose n + 69 = 3*i, -57 = -5*i + 2*i - 3*n. List the prime factors of i.
2, 11
Let n = -2 - -11. What are the prime factors of n?
3
Let q(k) = 12*k**2 + 1. List the prime factors of q(2).
7
Let v be ((-32)/(-10))/(8/20). Suppose -5*z = -7 - v. What are the prime factors of z?
3
Let l(q) = -2*q + 34. Let o(d) = d - 17. Let h(a) = -2*l(a) - 5*o(a). List the prime factors of h(-8).
5
Suppose 3*n = -200 + 809. List the prime factors of n.
7, 29
Suppose 2*g = -0*d + 2*d - 70, 0 = 4*g + 8. List the prime factors of d.
3, 11
List the prime factors of 9/45 - 267/(-15).
2, 3
Let p(k) = -k + 2*k**2 + 3 + 9*k - 1. What are the prime factors of p(-6)?
2, 13
Let q = 5 - 5. Suppose -3*s - 2*s = q. Suppose 2*o + s*o = -5*p + 55, -37 = -3*p - 2*o. List the prime factors of p.
3
Let o(j) = 11*j**3 - j**2 + j - 1. Let g be o(1). Let t = -3 + g. List the prime factors of t.
7
Suppose -7*t = -8*t + 30. List the prime factors of t.
2, 3, 5
Let u = 14 - 14. Suppose -3*v + u*v = -2*c - 24, -3*v = c - 33. List the prime factors of v.
2, 5
Suppose 5*z = z - 8. List the prime factors of 13/(2*z/(-4)).
13
Let l = 87 - 19. What are the prime factors of l?
2, 17
Suppose s + 48 = -3*s. Let u = 20 + s. What are the prime factors of u?
2
Let g = 35 + -18. List the prime factors of g.
17
Let h = -7 - -21. Suppose -h = -5*v - 4*k, -k - 16 = -v - 6. List the prime factors of v.
2, 3
Let j = 183 - 76. What are the prime factors of j?
107
Let u(h) = -h**2 - 3*h + 7. Let o(b) = b**2 - 2*b + 4 - 2*b**2 + 0*b**2. Let m(p) = -5*o(p) + 3*u(p). List the prime factors of m(2).
11
Suppose -3*b + 57 = 2*c - 86, 0 = 4*c + 8. List the prime factors of ((-2)/(-2))/(7/b).
7
Let i(q) = q - 6. Let a be i(8). Let j(o) = 0*o**3 - 4*o**a - o - 2*o**3 + 2 - o. What are the prime factors of j(-2)?
2, 3
Let x(s) = -3*s + 1. Suppose 0 = 3*z - i + 11, 5*i = -3 + 13. Let w be x(z). Let a = w + -6. What are the prime factors of a?
2
Let h(x) = -1 + x**3 - 3*x + 0*x**3 + 7 - 2*x**2 - 2. Let f be h(3). Suppose -n = -6*n + 4*z + 61, -f*n = 4*z - 56. What are the prime factors of n?
13
Let r = 75 + -29. List the prime factors of r.
2, 23
Let r be (1/(-3))/((-2)/54). Let l = r + -5. Suppose 0*z = z - l. What are the prime factors of z?
2
Suppose 5*k - 2*b - 270 = 0, -k + 4*k - 136 = -4*b. What are the prime factors of k?
2, 13
Let w(b) = -3*b**2 - b. Let c be w(-1). Let r = c + 6. List the prime factors of r + (0 - (2 - 4)).
2, 3
Let x(j) be the third derivative of j**6/120 + j**5/10 - j**4/24 + j**3 + 2*j**2. List the prime factors of x(-6).
2, 3
What are the prime factors of 49 - 2 - (6 - 7)?
2, 3
Let c be ((-176)/(-40))/(2/5). What are the prime factors of -2*c*7/(-14)?
11
Suppose 19 = 3*q - 4*d - d, 4*q - d - 31 = 0. Let l be (q/1)/(0 + 2). Suppose 5*r + 2*b - 30 = 0, 2*r = -2*r + l*b + 52. What are the prime factors of r?
2
Let v(h) = 1 + 4*h - 8*h - 2. Let w(g) = g - 9. Let u be w(7). List the prime factors of v(u).
7
Let f(k) = k**2 + 6*k + 7. Let w = 7 - 13. List the prime factors of f(w).
7
Let d(c) = c + 1. Let x be d(2). Suppose 0 = a + 3*p - 17, -10 = x*a + 2*p